 when c is divided by r?
4
Suppose -f - 5*r + 20 = -0*r, f + 12 = 3*r. Let v = 1 + f. Calculate the remainder when 3 is divided by v.
0
Suppose 0 = -3*k + 2*v + 2*v - 10, 3*v = -4*k + 20. Let z(a) = 2*a - 3. Calculate the remainder when z(3) is divided by k.
1
Calculate the remainder when 29 is divided by (-2)/10 + 224/20.
7
Let f = 11 + 11. Calculate the remainder when (f/(-5))/((-2)/10) is divided by 13.
9
Suppose 5*r = 4*j - 67, 3*j - 49 - 9 = -4*r. Calculate the remainder when j is divided by 10.
8
Let f = 24 + -14. Let w = f + -7. What is the remainder when 1 - (-2)/(4/6) is divided by w?
1
Let g = -21 - -26. Suppose 2*o - 71 = -5*s - o, -o = -g*s + 83. Let k(a) = 29*a**2 + a. What is the remainder when k(1) is divided by s?
14
Suppose -3*l = 5*k - 7, 4*l + 13 = 4*k + 1. Let n(s) = -4*s**3 - 2 + 5*s + 3*s**3 - s**2 + k*s**3. Calculate the remainder when n(3) is divided by 11.
9
Let k(m) = m**2 + 3*m - 6. Let g be k(-5). Suppose -33 = -3*v + 3*d, -10 = v - 3*v - g*d. Let j(u) = -u + 10. What is the remainder when j(-7) is divided by v?
8
Let y(s) = 5*s**3 + s**2 + 2*s + 1. Let l be y(-1). Let v = l + 10. Suppose 3*g = v*d - 13 - 4, -g + 9 = 2*d. What is the remainder when 2 is divided by g?
0
Let s(q) = -q**2 - 8*q + 5. Let l(u) = 2*u**2 + 17*u - 11. Let n(f) = 4*l(f) + 9*s(f). What is the remainder when 1/1*11 - 0 is divided by n(-3)?
3
Let q(i) = -7*i + 2. Suppose 0 = -9*j + 4*j. Suppose 3*s + 15 = -j*s. What is the remainder when q(s) is divided by 13?
11
Let s = 139 + -79. Calculate the remainder when 298 is divided by s.
58
Suppose 0 = 3*f + 2*f - 60. Suppose 4 + 1 = z. Suppose -h - f = -z*h. Calculate the remainder when 8 is divided by h.
2
Let t = 15 + -10. Let c be ((-12)/10)/((-12)/30). Suppose -c*g = -27 - 15. Calculate the remainder when g is divided by t.
4
Let q(z) = -2*z + 4. Calculate the remainder when 13 is divided by q(-2).
5
Suppose 9*y = 19*y - 1040. What is the remainder when y is divided by 21?
20
Suppose 21 = -5*l + 1, 2*g - 2*l = 12. Calculate the remainder when (-10)/15*(-69)/g is divided by 8.
7
Let f(n) = -3*n - 7. Let t(r) = -11*r + 1. Suppose -3*c = 2*c + 10. What is the remainder when t(c) is divided by f(-5)?
7
Let d(v) = -3*v**2 + 6*v - 16. Let g(a) = 4*a**2 - 7*a + 17. Let x(w) = 5*d(w) + 4*g(w). Calculate the remainder when x(-10) is divided by 23.
22
Suppose u - 30 = -5. Calculate the remainder when u is divided by 7.
4
Let n(q) = 5*q**3 - 8*q**2 + 7*q - 4. What is the remainder when 121 is divided by n(2)?
13
Suppose -200 = -5*w - 5*z, 0*w - 130 = -3*w - 5*z. Calculate the remainder when w is divided by 19.
16
Let k(l) = l**3 - l + 33. What is the remainder when k(0) is divided by 9?
6
Let m = -106 + 130. What is the remainder when m is divided by 5?
4
Calculate the remainder when (-45)/(-10)*(-2 - 20/(-3)) is divided by 8.
5
What is the remainder when 25 is divided by (-9)/6*(-42)/7?
7
Let w(x) = -16*x**3 + x**2 + x + 1. Suppose 143 = 6*o - 259. Calculate the remainder when o is divided by w(-1).
16
Calculate the remainder when 16 is divided by (1/(-2))/(6/(-156)).
3
Suppose -5*x + 5*t = -10, -30 = -3*x - 5*t + 8. Calculate the remainder when 33 is divided by x.
3
Let s = 6 - -11. What is the remainder when 67 is divided by s?
16
Let w(v) = -11*v - 6. Let j be w(-6). What is the remainder when ((-8)/10)/((-3)/j) is divided by 9?
7
Let g = 37 + -17. Let k(h) = 4*h**2 - 2*h - 1. Calculate the remainder when g is divided by k(2).
9
Suppose 0 = 2*t - 2 - 4. What is the remainder when 11 is divided by t?
2
Let z = 14 + -8. Suppose -5 = -3*n + 25. Calculate the remainder when n is divided by z.
4
Let n = 297 - 176. What is the remainder when n is divided by 31?
28
Let i = 8 + -12. Let z(s) = -s**2 - 8*s - 3. Let c(w) = 2*w**2 + 9*w + 4. Let h(g) = 3*c(g) + 4*z(g). What is the remainder when h(i) is divided by 18?
16
Let o(k) = k**2 + 2*k - 4. Let q be o(2). Suppose -h + q*h - 36 = 0. What is the remainder when h is divided by 5?
2
Let p(q) = -q**3 + 13*q**2 + q + 1. What is the remainder when p(13) is divided by 9?
5
Let i be (-14)/6*(5 - 2). Let o = i - -25. Calculate the remainder when 52 is divided by o.
16
Let s be 3 - (0 - 1)*2. Suppose 0 = -j + 4*a - s, -5*a + 22 + 18 = j. Let d = 7 + -1. What is the remainder when j is divided by d?
3
Let j(i) = i**2 + 3*i + 6. Suppose 4*v = -2*r - 12, -v - 5*r + 30 = -6*v. Let y(h) = -h + 2. What is the remainder when j(-4) is divided by y(v)?
4
Suppose 2*h - h - 5 = 0. What is the remainder when (-51)/(-6) - 1/2 is divided by h?
3
Calculate the remainder when (0 - 4/(-8))*122 is divided by 29.
3
Let y(w) = -w**2 + 10*w - 11. Let o(g) = -g**2 + 11*g - 12. Let c(i) = -2*o(i) + 3*y(i). What is the remainder when 8 is divided by c(6)?
2
Suppose 0 = -r - 3*c + 25 + 61, 2*c = 0. Calculate the remainder when r is divided by 44.
42
Suppose -4*n + m = -0*n - 39, 4*n = 4*m + 36. Suppose -n = 2*p + 2. Let t(x) = -x - 2. What is the remainder when 10 is divided by t(p)?
2
Let k(g) = 5*g. Let j be k(-2). Let w be 1*(2 - (-9)/3). What is the remainder when 16 is divided by ((-72)/j)/4*w?
7
Let i be 1 + -1 + -3 - 0. Let r be (-37)/7 + -1 + (-45)/(-35). Let j = i - r. Calculate the remainder when j is divided by 1.
0
Let v = 51 + -35. Let a = v - 10. What is the remainder when 67 is divided by 1/3 - (-136)/a?
21
Suppose 3 = -g + 7. Calculate the remainder when 15*g/3 - -3 is divided by 12.
11
Suppose 2*c + 3 = -3*l, 0 = 2*l - 3*c + 2. What is the remainder when 11 is divided by -3 - (-1 - l) - -9?
5
Let u = -3 - -7. Suppose -u*h + 34 + 6 = 0. What is the remainder when 37 is divided by h?
7
Let x(y) = -y**2 + 22*y + 16. Calculate the remainder when x(18) is divided by 18.
16
Let y = -1 - -6. What is the remainder when 19 is divided by y?
4
Calculate the remainder when 64 is divided by (2 - 6/4)*44.
20
Let z = -127 + 208. Calculate the remainder when z is divided by 43.
38
Let q(o) = -13 + 13 - 2*o**2 - 5*o**3 - 2*o. Let f be q(-2). Suppose -2*d + 3*v - f = -4*d, d - 18 = -4*v. What is the remainder when 34 is divided by d?
16
What is the remainder when 51 is divided by (25/(-30) + 6/(-9))*-12?
15
Calculate the remainder when 63/2 + (-2)/(-4) is divided by 7.
4
Suppose 5*s + 45 + 52 = 3*b, 0 = -5*b - 2*s + 110. What is the remainder when 69 is divided by b?
21
Suppose 3*n - 10 = -2*n. Suppose -n*s = 4, 12 = j + 3*j - 2*s. Suppose -2*c - j*i + 3*i = -7, -23 = 2*c + 5*i. What is the remainder when 2 is divided by c?
0
Suppose -i = d + 8, -3*d = -8*d - 2*i - 43. What is the remainder when (-2)/8 - (-141)/4 is divided by ((-4)/3 - 0)*d?
11
Let p(x) = -4*x**3 + x. Let q be p(-1). Suppose -3*u + 46 = q*h - 59, h = 2*u + 32. What is the remainder when h is divided by 18?
16
Let y = -38 + 20. What is the remainder when 34 is divided by 848/72 + (-4)/y?
10
Suppose 3*f = -2*f. Suppose 2*y - 5*g - 4 - 125 = 0, f = y - 3*g - 64. Calculate the remainder when y is divided by 23.
21
Calculate the remainder when 21 is divided by -2 + 1 + (-52)/(-4).
9
Suppose -2*d + 5*z = 10 - 60, -5*z = -10. What is the remainder when 5 - (-47 - (11 - 6)) is divided by d?
27
Suppose -3*v + 5*v - 16 = 0. Calculate the remainder when 47 is divided by v.
7
Let m(c) = 2*c + 84. Let a be m(0). Let x = a - 33. What is the remainder when x is divided by 13?
12
Suppose 0 = 3*i - 2*i - 53. Calculate the remainder when i is divided by 14.
11
Let m = 0 + 28. Calculate the remainder when 52 is divided by m.
24
Let y = 5 - -60. What is the remainder when y is divided by 11?
10
Let h = 66 - 32. What is the remainder when 98 is divided by h?
30
Let q = 3 - -21. Suppose 5*h - 30 = -3*i, 4*h + 0*h = 4*i - 8. Calculate the remainder when q is divided by i.
4
Suppose -s - 13 = -3*j, 3*s - 6*j = -j - 19. Suppose s*i = 22 + 42. Calculate the remainder when i is divided by 12.
8
Suppose b + 384 = 3*i + 126, 0 = 4*i + 5*b - 325. Suppose -53 = -w - 4*u, w = 8*u - 4*u + i. What is the remainder when w is divided by 18?
15
Suppose -2*a + l = -3*l - 2, 4*a + 35 = -5*l. Let p = a + 7. Let q = 14 - p. What is the remainder when q is divided by 7?
5
Let c(i) = -i**2 - 3*i + 1. Let v be c(-2). Let u(l) = 2*l**3 - 3*l**2 + 4*l - 4. Calculate the remainder when u(v) is divided by 9.
8
Let v(o) = o - 1. Let a be v(7). Calculate the remainder w